) = -2*l**2 - 3*l - 2. Let w be y(-4). Let j = q - w. What is the units digit of j?
3
Let n(i) = 2*i**3 + 0*i**3 - 2 + 4*i**2 - i**3. Let w(q) = q**2 - 11*q - 2. Let c be w(11). What is the units digit of n(c)?
6
Let j = 8 + -2. Suppose j*x - 241 = 5. What is the units digit of x?
1
Suppose 0 = 13*o - 9751 - 2183. What is the hundreds digit of o?
9
Let k(b) = -2*b - 9. Suppose 5*m = -5*v - 40, 4*m + 2*v = -m - 37. Let i be k(m). Let n(y) = y**2 - 4*y - 1. What is the units digit of n(i)?
4
What is the tens digit of (-34 - -1)/(78/(-754))?
1
Suppose -4*y - 22 = -3*y. Let a be (-152)/(-11) + (-4)/y. What is the units digit of -5*(a/(-10) + 0)?
7
Let z = 9488 + -4656. What is the units digit of z?
2
Let y(p) = -p**3 + 10*p**2 + 14*p - 5. What is the units digit of y(10)?
5
What is the units digit of -33*12/(-18)*(-471)/(-6)?
7
Suppose 2*c = -5*y + 8, -5*y = c - 8 - 1. What is the units digit of y/5 + (-73)/(-5)?
5
Suppose 5*u = 5*w + 45, -2*w - 4*u + 3*u = 24. Suppose 4*r - 4*c = -5*c + 62, 5*c = r - 5. Let y = w + r. What is the units digit of y?
4
Suppose -7 - 22 = g + 4*t, 2*g - 2*t + 18 = 0. What is the units digit of (-1181)/g + 42/273?
1
Let g(o) = -6*o**3 - 5*o**2 + 4*o + 17. What is the tens digit of g(-5)?
2
Suppose 0*n + n = -k + 104, 3*n = -2*k + 212. What is the tens digit of k?
0
Let d = 806 + -1266. Let c be ((-72)/(-10))/((-1)/5). What is the tens digit of d/c + 4/18?
1
Let z be (-3)/(-12) - 2097/(-12). Suppose -g + 5*w = -133, -4*w + z = 2*g - 77. What is the hundreds digit of g?
1
Let q(m) = -m**3 - 9*m**2 - 11*m + 6. What is the tens digit of q(-8)?
3
What is the thousands digit of (-1608)/(-312) + 2/(-13) + 3343?
3
Let f be (163/3)/(28/84). Let t = -94 + f. What is the units digit of t?
9
Suppose 0 = 3*k + 4*a + 421, -2*k - 2*a = -5*k - 451. Let x = k - -154. What is the units digit of x?
7
Let u(q) = -3*q**2 + 13*q + 6. Let g(z) = 8*z**2 - 40*z - 18. Let b(p) = 4*g(p) + 11*u(p). What is the units digit of b(-12)?
4
Let w = -75 + 175. Suppose 6*a - w = 4*a. Suppose 2*p - 3*g = 50, -3*p + a = -p - 2*g. What is the units digit of p?
5
Let a = -49 - -42. Let c(h) = -16*h - 34. What is the units digit of c(a)?
8
Let b = 336 - 341. Let z(u) = -2 - 4*u**2 - 5*u**3 + 2*u**3 + 2*u**3. What is the tens digit of z(b)?
2
Let l(q) = 116*q + 2. Let u be l(7). Let x = u - 551. What is the hundreds digit of x?
2
Let v(f) = f**2 + 6*f. Let s be v(-8). Suppose -2*i + s = -134. What is the tens digit of i?
7
Suppose -4*d = d - 1065. What is the units digit of d?
3
Let b = -19 - -12. Let c(g) = 3*g**2 - g + 1. Let p be c(b). Suppose 0*v = -5*v + p. What is the tens digit of v?
3
Let m(n) = -8*n + 9. Let k be m(3). Let o(q) = -20*q + 1. Let t be o(1). Let z = k - t. What is the units digit of z?
4
Suppose 2*j = -4*l - 2, 2*j = 5*j + 5*l + 1. Suppose j = 2*n - 7. Suppose -4*b + n*z + 0*z + 90 = 0, 2*z = 4*b - 84. What is the tens digit of b?
2
Suppose 2*r - 1262 = 3*p, 5*p + 1157 + 736 = 3*r. What is the hundreds digit of r?
6
Let c be 1/4 + 215/20. Let z(i) = -i**3 + 12*i**2 - 11*i + 5. Let h be z(c). Suppose 4*t - h*j - 53 = 0, 4*t + j - 47 = -0*j. What is the units digit of t?
2
Let i(p) = p**2 - 7*p - 3. Suppose s + 25 = -5*k + 5*s, 2*k + 13 = s. What is the units digit of i(k)?
1
Suppose 0 = 7*n - 678 - 183. What is the tens digit of n?
2
What is the units digit of 4 + (3 - 3) + 399?
3
Suppose -6*g = -9*g + 15. Let f = 87 + -60. Suppose -g*a = -18 - f. What is the units digit of a?
9
Suppose -4 - 4 = 4*w. Let x = 12 - 6. What is the tens digit of (x/(-18))/(w/102)?
1
Let q(o) = o**3 - 12*o**2 - o - 22. Let r(c) = -4*c**3 + 36*c**2 + 4*c + 67. Let a(v) = -7*q(v) - 2*r(v). What is the units digit of a(-11)?
2
Let a(y) = 14*y + 25. Let v(p) = 29*p + 51. Let i(l) = 7*a(l) - 3*v(l). What is the units digit of i(4)?
6
Let s = 90 + 110. Suppose 0 = -4*d + 3*d. Suppose d = 23*i - 18*i - s. What is the tens digit of i?
4
Suppose 3*c + t - 32 = 0, -4*t + 2 = 3*c - 45. Suppose 170 = c*i - 4*i. What is the tens digit of i?
3
Let m = -264 - -594. Suppose m + 42 = 4*r. What is the units digit of r?
3
Suppose 3*o - 11 - 1 = 0. Suppose -5*s - 4*w + 28 = -33, 11 = 3*s - o*w. Suppose h - 4*j - s = 30, j - 49 = -h. What is the tens digit of h?
4
Suppose 0 = u + 3*s - 13, -4*u + s - 11 = -6*u. Suppose -u*q - 319 = -3*x, 4*x - 70 = 4*q - 3*q. Let w = 162 + q. What is the units digit of w?
0
Suppose 0 = -4*y + z + 26 + 16, 5*y - 53 = z. Let v(i) = -i**2 + 12*i + 18. What is the units digit of v(y)?
9
Suppose 20*r = 1005 + 7195. What is the tens digit of r?
1
Suppose 0 = -q + 1, 3*w + 4*q = 224 + 149. What is the units digit of w?
3
Suppose -q - 3 = -2*q. Suppose 19 = q*k - t, 5*k + 5*t = 4*k + 17. What is the tens digit of (-63)/(-6)*12/k?
1
Let t be ((-46)/(-4))/(7/4 + -2). Let h = 259 + t. What is the units digit of h?
3
Let l be 1 - (1 - -1 - 0). Let g = 7 + l. Suppose 30 + 6 = g*r. What is the units digit of r?
6
Suppose -161 = -8*s + 79. What is the hundreds digit of (s*6/(-27))/(4/(-66))?
1
Let m(x) = 29*x - 54. Let j(p) = -15*p + 27. Let q(v) = -5*j(v) - 3*m(v). What is the hundreds digit of q(-7)?
1
Let f = 462 + -250. What is the units digit of f?
2
Let m(i) = i**3 + 7*i**2 - 10*i - 4. Let n(b) = 1. Let q(s) = m(s) + 4*n(s). Let k = -36 - -28. What is the units digit of q(k)?
6
Let p = 43 - 53. What is the units digit of (-6)/(-5) + 2/p - -13?
4
Let i(m) = -m**2 + 8*m - 4. Let j be i(5). Let x = 13 - j. Suppose -5*s + x = -93. What is the tens digit of s?
1
Let b(j) = -j**2 + 8*j + 4. Let t = -3 + 19. Suppose r - t = -r. What is the units digit of b(r)?
4
Suppose -18*a + 80 = -14*a. Suppose 0 = s - 5*c - a, 4*s = 3*s + 2*c + 11. Suppose -s*l + 36 = -l. What is the units digit of l?
9
Let y be 0/(-4) + 1*-2. Let v be (-805)/(-14) - (-1)/y. Let s = v - 32. What is the units digit of s?
5
Suppose -2*u - 5*s + 8 = -23, 0 = 3*u + s - 27. Let f = 50 - u. What is the tens digit of f?
4
Let f(n) = -5*n - 7*n + 9*n + 5. Let q be f(5). Let s = q + 35. What is the units digit of s?
5
Suppose k + 380 = 6*k. Suppose -3*x + 6*x = -150. Let i = k + x. What is the units digit of i?
6
Suppose -2951 = 7*w - 18260. What is the tens digit of w?
8
Let j = -796 + 1317. What is the tens digit of j?
2
Let x = -294 + 426. What is the tens digit of x?
3
Suppose 4*v + 6260 = -25*j + 28*j, 0 = -4*j + 4*v + 8348. What is the units digit of j?
8
Let c = -39 - -86. Suppose c = 4*y - 41. What is the units digit of y?
2
Let m(d) be the second derivative of d**5/20 + 5*d**4/12 + 2*d**3/3 + 2*d**2 + 2*d. What is the units digit of m(-4)?
4
Suppose 4*a = -5*l - 0*l + 4125, -4*l + a = -3300. What is the tens digit of l?
2
Suppose v - 41 = -3*b, -3*b = -2*b - 2*v - 9. Let c(a) = a**2 + b - 9 + 7*a - 3*a. What is the units digit of c(-4)?
4
What is the tens digit of -435*22/(-99) + 4/(-6)?
9
Let j(m) = -3*m - 2 - m + 6. Let o be j(3). Let i(b) = -b**3 - 7*b**2 + 9*b + 10. What is the units digit of i(o)?
2
Let k = 504 - 492. What is the units digit of k?
2
Let z(t) = t**3 + 27*t**2 + 11*t. What is the tens digit of z(-25)?
7
Let s be (-11364)/16 - (-1)/4. Let x be (-14)/(-49) - s/14. Suppose -j + 0*j + x = 0. What is the tens digit of j?
5
Suppose -4*x = 20, a = -a - x - 3. Suppose j = 4 + a. Suppose 0 = -0*h + 3*h - 4*o - 69, 0 = -j*h - 3*o + 86. What is the tens digit of h?
1
Let s(d) = 3*d**2 + 3*d - 5. Suppose c = -3*v + 10, -4*c + 6*v = 3*v + 35. What is the units digit of s(c)?
5
Suppose -4*p = -749 - 831. What is the tens digit of p?
9
Let r = 0 + -2. Let n be ((-21)/(-6) - 2)*-2. Let j = r - n. What is the units digit of j?
1
Let h(i) = -780*i + 4. What is the hundreds digit of h(-2)?
5
Suppose 4*n = 5 + 7. Suppose n*m - 245 = -2*m. What is the tens digit of m?
4
Let z(b) = -10*b**2 + b + 331. What is the units digit of z(0)?
1
Let q(o) = 1287*o - 3. What is the thousands digit of q(1)?
1
Let f(s) = -19*s + 281. What is the hundreds digit of f(-30)?
8
Let p(d) = -3*d**3 - 2*d**2 + 3*d + 6. Let w(h) = -3*h**3 + 3*h**2 - h - 1. Let i be w(1). What is the tens digit of p(i)?
1
Suppose i + 3*i - 16 = 0. Suppose -2*z + z - m - 7 = 0, i*z + 31 = -3*m. What is the tens digit of 741/65 + 4/z?
1
Suppose 3*l + 2*r + 8 = 0, 5*r + 9 = -2*l - 11. Suppose -o - 4 = 0, l*o - o = 5*z - 196. What is